uppose 7 = j + 4, -4*j + 47301 = 3*a. What is the tens digit of a?
6
Suppose -6*o - 23509 - 4809 = -2*h, -4*o - 42437 = -3*h. What is the hundreds digit of h?
1
Let c(n) = -n**3 + 19*n**2 + 35*n + 34. Suppose 2*r = g - 28, -g - 3*r + 48 = 2*g. What is the units digit of c(g)?
4
Suppose -4*l + 3*z + 513 = -5*l, -2500 = 5*l + 2*z. Let j = -1 - l. What is the tens digit of j?
9
Let i(z) = -2*z**2 + 26*z + 3. Let t be i(13). Suppose -t*x = -a + 2*a - 19, 3*x + 49 = a. What is the tens digit of a?
3
Let c(u) be the third derivative of u**4/6 + 11*u**3/2 - 22*u**2. Let h be c(0). Suppose 0 = h*n - 28*n - 390. What is the tens digit of n?
7
Let a(x) = -2*x**3 + 71*x**2 + 16*x + 107. What is the hundreds digit of a(31)?
2
Let h(f) = 32*f - 30*f + 5 + 2*f**2 - 28*f + 2. What is the tens digit of h(24)?
3
Let i = 284 - -3001. What is the thousands digit of i?
3
Suppose 15*h = 6*h. Suppose h = 2*f - f - 90. Suppose 4*o = 9*o - f. What is the tens digit of o?
1
Suppose -2*y + 35923 = -10*o + 13*o, y = -5*o + 17972. What is the units digit of y?
7
Let l = -589 + -3671. Let x be (l/(-25))/(9/30). Let k = -368 + x. What is the tens digit of k?
0
Let k(f) = -38*f**2 - 14*f + 25. Let a be k(2). What is the units digit of 492/5 + 62/a?
8
Let w be (120/(-16))/((-3)/(-4)). What is the tens digit of (-3)/(6/545)*(8 + w)?
4
Suppose 7*v + 31*v = 2*v + 625644. What is the ten thousands digit of v?
1
What is the thousands digit of 66394/33 - (-26)/429?
2
Let s(o) = 252*o - 68. Let b(u) = 758*u - 206. Let w(q) = 5*b(q) - 16*s(q). What is the units digit of w(-4)?
6
Let k = 10356 - 2058. What is the units digit of k?
8
Suppose 4*a - 25860 = 4*o, -3*a - 73*o + 19371 = -72*o. What is the hundreds digit of a?
4
Let r = 797 + 5104. What is the thousands digit of r?
5
What is the hundreds digit of (-3)/2*-3035*7/(609/290)?
1
Let v be (14/4)/(((-36)/(-16))/9). Suppose -v*c + 1605 + 2259 = 0. What is the tens digit of c?
7
What is the tens digit of (6 + -454065)/(-9) - ((-2)/(-1) - 11)?
6
Let p(v) = 3*v**2 - 2*v + 1036. Let x be p(0). Suppose 80*w = 52*w + x. What is the tens digit of w?
3
Let b(v) = -3*v**3 - 7*v**2 - 31*v - 363. What is the tens digit of b(-19)?
7
Suppose 13*i - 6*i - 119 = 0. Suppose -21*q + i*q = -20. Suppose -3*j = -q*g - 41, -g - g - 8 = 0. What is the units digit of j?
7
Let i(s) = s**3 + 11*s**2 + 19*s - 43. Let o be i(-10). Let j = o + 209. What is the tens digit of j?
7
Suppose 5*w + p - 102183 = 0, -p + 0 - 2 = 0. What is the tens digit of w?
3
Suppose 5*t = 3*t. Let y(c) = -c + 324. Let f be y(t). Suppose -g + f = 3*g. What is the units digit of g?
1
Let y(v) = 36*v + 21 - v**2 + 40*v + 12*v**2 - 87*v. What is the tens digit of y(-6)?
8
Let m(r) = r**2 - 41*r + 37. What is the tens digit of m(-8)?
2
Suppose 0*f + 3*f + 14 = 4*c, -4*c - 5*f - 2 = 0. Suppose 3*t - 16 = -z, -5*t + c*z = 8 - 31. Suppose -4 = t*g - 44. What is the units digit of g?
8
Suppose -h = -5*n - 13, 0*n = -4*h - n - 53. Let c = h - -22. Let s(r) = r**3 - 8*r**2 - 11*r - 3. What is the units digit of s(c)?
7
Let z = -25 + 23. Let y(j) be the first derivative of 17*j**3/3 - j**2/2 - j - 61. What is the units digit of y(z)?
9
Suppose -36*p + 1039754 = -369970. What is the tens digit of p?
5
Suppose 0 = -5*b - 2*n + 47028, -9401 = -b - 424*n + 419*n. What is the tens digit of b?
0
Let m(k) = 553*k**2 + 75*k - 4. What is the units digit of m(-3)?
8
Let o(i) = -i**3 + 3*i**2 + 7*i + 2. Let j be o(-3). What is the hundreds digit of (j/5 + 2)*(98 - 0)?
8
Let f(u) = u**3 + 9*u**2 + 11*u. Let m = -32 + 48. Suppose 5*a + 25 = 0, -m - 32 = 4*w + 4*a. What is the tens digit of f(w)?
2
Let p(j) = 33*j**2 - 44*j + 230. What is the tens digit of p(12)?
5
Suppose -2*m + 2756 = -3*x, -m = -2*x - 624 - 752. Suppose 4*a - p = -5*p + 2780, 0 = -2*a + p + m. What is the units digit of a?
3
Suppose -m - 57264 = -20*i + 18*i, 0 = 5*i - 2*m - 143161. What is the thousands digit of i?
8
Suppose 23 = 4*o + 3*p, 0 = 5*o + p + 4*p - 35. Suppose 1851 = o*q - 5*d, 2*q - 839 - 1032 = d. What is the units digit of q?
8
Let r = 78 - 78. Suppose 5*u - 20 = -r*a - a, 5*a - 22 = u. Suppose -2*p - a*o = -266, -3*o = -o. What is the hundreds digit of p?
1
What is the units digit of -63*2076/(-12)*1 + 1?
0
Suppose x = 5*q + 24, 5*q + 72 = 3*x - 0*q. Suppose 775 = 2*z - 145. What is the tens digit of (x/(-15))/((-8)/z)?
9
Let r be -4 + 49/6 + 1/(-6). Suppose u + 2112 = r*d, u + 1577 = 3*d + 2*u. What is the tens digit of d?
2
Let m(q) = 57*q**2 - 14*q + 37. Let g be (-6)/(-4) - (-15)/6. What is the tens digit of m(g)?
9
Let g = 9735 + 400. What is the units digit of g?
5
Let t(i) = -i**3 + 4*i**2 + 10*i - 29. Let l be t(5). What is the tens digit of (2/l*-1)/(18/19044)?
2
Suppose -65*w = -62*w - 1590. What is the tens digit of -1*5/2*w/(-5)?
6
Let t = 13156 + -4234. What is the tens digit of t?
2
Suppose 4*u + 16920 = 3*j, 5*j - 26*u + 23*u - 28211 = 0. What is the tens digit of j?
4
Let c = 297 - 305. Let z(v) = 2*v**2 + 2*v + 1. What is the units digit of z(c)?
3
Suppose -29*z = -5715 - 4667. Suppose f + 2*f + 2*y - 1125 = 0, 0 = f - 5*y - z. What is the tens digit of f?
7
Suppose -3*r = -5*r + 19302. Suppose 5*q = -1706 + r. Suppose q = 10*w - 851. What is the hundreds digit of w?
2
Let r = -86 + 50. Let w be (-24)/r*(-2 - 57/(-6)). Suppose w = i, 66 = -z - i + 246. What is the units digit of z?
5
Suppose 6575 = y + 2*r - 9015, 4*r + 46780 = 3*y. What is the units digit of y?
2
Suppose 36969 - 524553 = -56*i + 53600. What is the tens digit of i?
6
Let m(z) = 3*z**3 - 5*z - 1. Let v be (-3)/6*(9 - 5). Let a be m(v). Let c = a - -74. What is the units digit of c?
9
Suppose 0 = 2*a - 4*w - 46772, -5*w - 107272 = -4*a - 13725. What is the units digit of a?
8
Suppose -268*j + 2561880 = -6563520. What is the units digit of j?
0
Let k(z) = -25574*z**3 + 3*z**2 - 54*z - 55. What is the tens digit of k(-1)?
7
Let s(a) = a**3 + 6*a**2 - 10*a - 28. Let g be s(-14). Let c = g - -2460. What is the units digit of c?
4
Let q be ((-12)/2)/((-21)/3276). Suppose -5*h + n - 210 = -2568, q = 2*h - 4*n. What is the units digit of h?
2
Let y = -82 - 8. Let r = -96 + -82. Let v = y - r. What is the tens digit of v?
8
Let a(f) = 49 + 2*f - 8*f + 38. Let l be a(26). Let d = l + 100. What is the units digit of d?
1
Let t = 111 - 55. Suppose -4*p + t + 104 = 0. Suppose p = g + 4*v, 45 - 190 = -2*g + 5*v. What is the units digit of g?
0
Let y = -27269 - -27897. What is the hundreds digit of y?
6
Suppose -2*i = 3*k - 0*k - 7881, 2*k + 5*i = 5265. Suppose p + 6*p = k. What is the tens digit of p?
7
Let m = 4451 - -2636. What is the units digit of m?
7
Suppose -3*i + 93*r - 89*r + 74916 = 0, 0 = i + 3*r - 24985. What is the ten thousands digit of i?
2
What is the units digit of (-5)/(-3)*-3 + 409948/22?
9
Let p = -4347 + 11325. What is the units digit of p?
8
Let x(s) = 2*s**3 - 24*s**2 + 410*s - 46. What is the thousands digit of x(11)?
4
Let s(p) = p**3 + 4*p**2 - 5*p + 3. Let r be s(-5). Let i = 46 - -56. Suppose -j = 2*w - r*w - 23, 4*j - i = -w. What is the units digit of j?
5
Let b be 4/(-22) + 408/66. Suppose -1360 + 82 = -b*u. What is the hundreds digit of u?
2
Let o be 129/((-2)/(-430)*(-12 - -11)). What is the tens digit of o/(-20) - (-42)/(-56)?
8
Suppose -4*t - 4279 + 15663 = 0. What is the tens digit of t?
4
Let n = 33306 - 11677. What is the units digit of n?
9
Let o be ((-14)/(-42))/(1 - (-28)/(-30)). Suppose 2*g - 2*y - 22 = 18, o*g + y = 106. What is the units digit of (182/3)/(14/g)?
1
Suppose 3*v - 2340 = 21. Suppose 4*j - v = -111. What is the units digit of j?
9
What is the units digit of (35 + 1 - 21) + 22166?
1
Suppose 4*o = -3*l + 20497, 5*o + 19*l - 21*l = 25627. What is the thousands digit of o?
5
Let x(o) = o - 8. Let i be x(7). Let b be i*3 - (-1 + -36 - -3). Suppose -b*m + 33*m - 138 = 0. What is the tens digit of m?
6
Let o = 296 - 303. What is the tens digit of (1268/(-5))/(2*o/35)?
3
What is the tens digit of 6963 + ((-1)/(-5))/(70/700)?
6
Let m(x) = -2*x + 187 - 33 - 3*x. What is the tens digit of m(0)?
5
Suppose -7167 = -154*u + 155*u - 25293. What is the hundreds digit of u?
1
What is the ten thousands digit of 18 + -5 - (-171587)/13?
1
Suppose -12*c + 691 = -833. Suppose c = 2*q - 5*x - 445, -1413 = -5*q +